{"id":28509,"date":"2026-08-31T10:07:03","date_gmt":"2026-08-31T10:07:03","guid":{"rendered":"https:\/\/autocaravanascamperdadi.com\/?page_id=28509"},"modified":"2026-08-31T10:07:06","modified_gmt":"2026-08-31T10:07:06","slug":"empresa","status":"publish","type":"page","link":"https:\/\/autocaravanascamperdadi.com\/pt-br\/empresa\/","title":{"rendered":"Empresa"},"content":{"rendered":"\n\n  <div class=\"banner has-hover has-parallax\" id=\"banner-708157341\">\n          <div class=\"banner-inner fill\">\n        <div class=\"banner-bg fill\" data-parallax=\"-3\" data-parallax-container=\".banner\" data-parallax-background>\n            <img loading=\"lazy\" decoding=\"async\" width=\"900\" height=\"600\" src=\"https:\/\/autocaravanascamperdadi.com\/wp-content\/uploads\/2017\/08\/viajar.jpg\" class=\"bg attachment-large size-large\" alt=\"\" \/>                        <div class=\"overlay\"><\/div>            \n                    <\/div>\n\t\t\n        <div class=\"banner-layers container\">\n            <div class=\"fill banner-link\"><\/div>            \n\n   <div id=\"text-box-913908904\" class=\"text-box banner-layer x50 md-x50 lg-x50 y80 md-y80 lg-y80 res-text\">\n                                <div class=\"text-box-content text dark\">\n              \n              <div class=\"text-inner text-center\">\n                  \n<h1 class=\"lead\">Empresa<\/h1>\n              <\/div>\n           <\/div>\n                            \n<style>\n#text-box-913908904 {\n  width: 60%;\n}\n#text-box-913908904 .text-box-content {\n  font-size: 100%;\n}\n<\/style>\n    <\/div>\n \n\n        <\/div>\n      <\/div>\n\n            \n<style>\n#banner-708157341 {\n  padding-top: 320px;\n}\n#banner-708157341 .overlay {\n  background-color: rgba(0, 0, 0, 0.49);\n}\n#banner-708157341 .banner-bg img {\n  object-position: 0%100%;\n}\n<\/style>\n  <\/div>\n\n\n<div class=\"row\"  id=\"row-733767890\">\n\n\n\t<div id=\"col-909372921\" class=\"col small-12 large-12\"  >\n\t\t\t\t<div class=\"col-inner\"  >\n\t\t\t\n\t\t\t\n\n<div class=\"row\"  id=\"row-1691766532\">\n\n\n\t<div id=\"col-228633314\" class=\"col medium-8 small-12 large-8\"  >\n\t\t\t\t<div class=\"col-inner\"  >\n\t\t\t\n\t\t\t\n\nNa Autocaravanas Camperdadi contamos com uma vasta experi\u00eancia na <strong>venda e aluguel de trailers, motorhomes e embarca\u00e7\u00f5es em Madri<\/strong>. Desde o in\u00edcio, apostamos em oferecer servi\u00e7os de qualidade focados em atender \u00e0s necessidades dos usu\u00e1rios.\n<h2>Autocaravanas Camperdadi, uma grande equipe de profissionais<\/h2>\nNos diferenciamos das demais empresas do setor pela nossa <strong>profissionalidade<\/strong>, pelo <strong>atendimento<\/strong> <strong>pr\u00f3ximo<\/strong> que oferecemos aos clientes que apostam em n\u00f3s e pela <strong>alta qualidade<\/strong> de todos os ve\u00edculos que vendemos e alugamos. A sua satisfa\u00e7\u00e3o \u00e9 nosso principal objetivo, e trabalhamos dia ap\u00f3s dia para alcan\u00e7\u00e1-la.\n\nAjudamos voc\u00ea a aproveitar a estrada, a viver experi\u00eancias verdadeiramente \u00fanicas que voc\u00ea s\u00f3 sentir\u00e1 viajando de motorhome, a navegar pelos mares com embarca\u00e7\u00f5es que permitir\u00e3o que voc\u00ea desconecte com toda a seguran\u00e7a.\n\nTodos os nossos ve\u00edculos est\u00e3o perfeitamente equipados e oferecem as maiores garantias e presta\u00e7\u00f5es. Autocaravanas Camperdadi, sua <strong>empresa de aluguel de trailers, motorhomes e embarca\u00e7\u00f5es em Madri<\/strong> de confian\u00e7a.\n\n\t\t<\/div>\n\t\t\t\t\t<\/div>\n\n\t\n\n\t<div id=\"col-1105220084\" class=\"col medium-4 small-12 large-4\"  >\n\t\t\t\t<div class=\"col-inner\"  >\n\t\t\t\n\t\t\t\n\n\t<div class=\"img has-hover x md-x lg-x y md-y lg-y\" id=\"image_758149810\">\n\t\t\t\t\t\t\t\t<div class=\"img-inner dark\" >\n\t\t\t<img loading=\"lazy\" decoding=\"async\" width=\"400\" height=\"400\" src=\"https:\/\/autocaravanascamperdadi.com\/wp-content\/uploads\/2017\/08\/logo.png\" class=\"attachment-large size-large\" alt=\"Autocaravanas Camperdadi\" srcset=\"https:\/\/autocaravanascamperdadi.com\/wp-content\/uploads\/2017\/08\/logo.png 400w, https:\/\/autocaravanascamperdadi.com\/wp-content\/uploads\/2017\/08\/logo-300x300.png 300w, https:\/\/autocaravanascamperdadi.com\/wp-content\/uploads\/2017\/08\/logo-100x100.png 100w, https:\/\/autocaravanascamperdadi.com\/wp-content\/uploads\/2017\/08\/logo-280x280.png 280w, https:\/\/autocaravanascamperdadi.com\/wp-content\/uploads\/2017\/08\/logo-180x180.png 180w\" sizes=\"auto, (max-width: 400px) 100vw, 400px\" \/>\t\t\t\t\t\t\n\t\t\t\t\t<\/div>\n\t\t\t\t\t\t\t\t\n<style>\n#image_758149810 {\n  width: 100%;\n}\n<\/style>\n\t<\/div>\n\t\n\n<a href=\"\/nuestras-rutas\/\" class=\"button primary is-large expand\" style=\"border-radius:99px;\">\n\t\t<span>Nossas rotas<\/span>\n\t<\/a>\n\n\n\t\t<\/div>\n\t\t\t\t\t<\/div>\n\n\t\n\n<\/div>\n\n\t\t<\/div>\n\t\t\t\t\t<\/div>\n\n\t\n\n<\/div>\n","protected":false},"excerpt":{"rendered":"","protected":false},"author":15,"featured_media":0,"parent":0,"menu_order":0,"comment_status":"closed","ping_status":"closed","template":"page-transparent-header.php","meta":{"footnotes":""},"class_list":["post-28509","page","type-page","status-publish","hentry"],"yoast_head":"<!-- This site is optimized with the Yoast SEO plugin v28.3 - https:\/\/yoast.com\/product\/yoast-seo-wordpress\/ -->\n<title>Empresa - Camperdadi<\/title>\n<meta name=\"robots\" content=\"index, follow, max-snippet:-1, max-image-preview:large, max-video-preview:-1\" \/>\n<link rel=\"canonical\" href=\"https:\/\/autocaravanascamperdadi.com\/pt-br\/empresa\/\" \/>\n<meta property=\"og:locale\" content=\"pt_BR\" \/>\n<meta property=\"og:type\" content=\"article\" \/>\n<meta property=\"og:title\" content=\"Empresa - Camperdadi\" \/>\n<meta property=\"og:url\" content=\"https:\/\/autocaravanascamperdadi.com\/pt-br\/empresa\/\" \/>\n<meta property=\"og:site_name\" content=\"Camperdadi\" \/>\n<meta property=\"article:publisher\" content=\"https:\/\/es-es.facebook.com\/camperdadi\/\" \/>\n<meta property=\"article:modified_time\" content=\"2026-08-31T10:07:06+00:00\" \/>\n<meta property=\"og:image\" content=\"https:\/\/autocaravanascamperdadi.com\/wp-content\/uploads\/2024\/09\/30725337_2008095519453542_2182825795712450560_o-600x600-1.jpg\" \/>\n\t<meta property=\"og:image:width\" content=\"600\" \/>\n\t<meta property=\"og:image:height\" content=\"600\" \/>\n\t<meta property=\"og:image:type\" content=\"image\/jpeg\" \/>\n<meta name=\"twitter:card\" content=\"summary_large_image\" \/>\n<meta name=\"twitter:site\" content=\"@camperdadi\" \/>\n<meta name=\"twitter:label1\" content=\"Est. tempo de leitura\" \/>\n\t<meta name=\"twitter:data1\" content=\"1 minuto\" \/>\n<script type=\"application\/ld+json\" class=\"yoast-schema-graph\">{\"@context\":\"https:\\\/\\\/schema.org\",\"@graph\":[{\"@type\":\"WebPage\",\"@id\":\"https:\\\/\\\/autocaravanascamperdadi.com\\\/pt-br\\\/empresa\\\/\",\"url\":\"https:\\\/\\\/autocaravanascamperdadi.com\\\/pt-br\\\/empresa\\\/\",\"name\":\"Empresa - Camperdadi\",\"isPartOf\":{\"@id\":\"https:\\\/\\\/autocaravanascamperdadi.com\\\/en\\\/#website\"},\"datePublished\":\"2026-08-31T10:07:03+00:00\",\"dateModified\":\"2026-08-31T10:07:06+00:00\",\"breadcrumb\":{\"@id\":\"https:\\\/\\\/autocaravanascamperdadi.com\\\/pt-br\\\/empresa\\\/#breadcrumb\"},\"inLanguage\":\"pt-BR\",\"potentialAction\":[{\"@type\":\"ReadAction\",\"target\":[\"https:\\\/\\\/autocaravanascamperdadi.com\\\/pt-br\\\/empresa\\\/\"]}]},{\"@type\":\"BreadcrumbList\",\"@id\":\"https:\\\/\\\/autocaravanascamperdadi.com\\\/pt-br\\\/empresa\\\/#breadcrumb\",\"itemListElement\":[{\"@type\":\"ListItem\",\"position\":1,\"name\":\"Portada\",\"item\":\"https:\\\/\\\/autocaravanascamperdadi.com\\\/pt-br\\\/\"},{\"@type\":\"ListItem\",\"position\":2,\"name\":\"Empresa\"}]},{\"@type\":\"WebSite\",\"@id\":\"https:\\\/\\\/autocaravanascamperdadi.com\\\/en\\\/#website\",\"url\":\"https:\\\/\\\/autocaravanascamperdadi.com\\\/en\\\/\",\"name\":\"Autocaravanas Camperdadi\",\"description\":\"Alquiler de autocaravanas y caravanas\",\"publisher\":{\"@id\":\"https:\\\/\\\/autocaravanascamperdadi.com\\\/en\\\/#organization\"},\"potentialAction\":[{\"@type\":\"SearchAction\",\"target\":{\"@type\":\"EntryPoint\",\"urlTemplate\":\"https:\\\/\\\/autocaravanascamperdadi.com\\\/en\\\/?s={search_term_string}\"},\"query-input\":{\"@type\":\"PropertyValueSpecification\",\"valueRequired\":true,\"valueName\":\"search_term_string\"}}],\"inLanguage\":\"pt-BR\"},{\"@type\":\"Organization\",\"@id\":\"https:\\\/\\\/autocaravanascamperdadi.com\\\/en\\\/#organization\",\"name\":\"Camperdadi\",\"url\":\"https:\\\/\\\/autocaravanascamperdadi.com\\\/en\\\/\",\"logo\":{\"@type\":\"ImageObject\",\"inLanguage\":\"pt-BR\",\"@id\":\"https:\\\/\\\/autocaravanascamperdadi.com\\\/en\\\/#\\\/schema\\\/logo\\\/image\\\/\",\"url\":\"https:\\\/\\\/autocaravanascamperdadi.com\\\/wp-content\\\/uploads\\\/2017\\\/08\\\/cropped-logo.png\",\"contentUrl\":\"https:\\\/\\\/autocaravanascamperdadi.com\\\/wp-content\\\/uploads\\\/2017\\\/08\\\/cropped-logo.png\",\"width\":512,\"height\":512,\"caption\":\"Camperdadi\"},\"image\":{\"@id\":\"https:\\\/\\\/autocaravanascamperdadi.com\\\/en\\\/#\\\/schema\\\/logo\\\/image\\\/\"},\"sameAs\":[\"https:\\\/\\\/es-es.facebook.com\\\/camperdadi\\\/\",\"https:\\\/\\\/x.com\\\/camperdadi\",\"https:\\\/\\\/www.instagram.com\\\/autocaravanascamperdadi\\\/?hl=es\"]}]}<\/script>\n<!-- \/ Yoast SEO plugin. -->","yoast_head_json":{"title":"Empresa - Camperdadi","robots":{"index":"index","follow":"follow","max-snippet":"max-snippet:-1","max-image-preview":"max-image-preview:large","max-video-preview":"max-video-preview:-1"},"canonical":"https:\/\/autocaravanascamperdadi.com\/pt-br\/empresa\/","og_locale":"pt_BR","og_type":"article","og_title":"Empresa - Camperdadi","og_url":"https:\/\/autocaravanascamperdadi.com\/pt-br\/empresa\/","og_site_name":"Camperdadi","article_publisher":"https:\/\/es-es.facebook.com\/camperdadi\/","article_modified_time":"2026-08-31T10:07:06+00:00","og_image":[{"width":600,"height":600,"url":"https:\/\/autocaravanascamperdadi.com\/wp-content\/uploads\/2024\/09\/30725337_2008095519453542_2182825795712450560_o-600x600-1.jpg","type":"image\/jpeg"}],"twitter_card":"summary_large_image","twitter_site":"@camperdadi","twitter_misc":{"Est. tempo de leitura":"1 minuto"},"schema":{"@context":"https:\/\/schema.org","@graph":[{"@type":"WebPage","@id":"https:\/\/autocaravanascamperdadi.com\/pt-br\/empresa\/","url":"https:\/\/autocaravanascamperdadi.com\/pt-br\/empresa\/","name":"Empresa - Camperdadi","isPartOf":{"@id":"https:\/\/autocaravanascamperdadi.com\/en\/#website"},"datePublished":"2026-08-31T10:07:03+00:00","dateModified":"2026-08-31T10:07:06+00:00","breadcrumb":{"@id":"https:\/\/autocaravanascamperdadi.com\/pt-br\/empresa\/#breadcrumb"},"inLanguage":"pt-BR","potentialAction":[{"@type":"ReadAction","target":["https:\/\/autocaravanascamperdadi.com\/pt-br\/empresa\/"]}]},{"@type":"BreadcrumbList","@id":"https:\/\/autocaravanascamperdadi.com\/pt-br\/empresa\/#breadcrumb","itemListElement":[{"@type":"ListItem","position":1,"name":"Portada","item":"https:\/\/autocaravanascamperdadi.com\/pt-br\/"},{"@type":"ListItem","position":2,"name":"Empresa"}]},{"@type":"WebSite","@id":"https:\/\/autocaravanascamperdadi.com\/en\/#website","url":"https:\/\/autocaravanascamperdadi.com\/en\/","name":"Autocaravanas Camperdadi","description":"Alquiler de autocaravanas y caravanas","publisher":{"@id":"https:\/\/autocaravanascamperdadi.com\/en\/#organization"},"potentialAction":[{"@type":"SearchAction","target":{"@type":"EntryPoint","urlTemplate":"https:\/\/autocaravanascamperdadi.com\/en\/?s={search_term_string}"},"query-input":{"@type":"PropertyValueSpecification","valueRequired":true,"valueName":"search_term_string"}}],"inLanguage":"pt-BR"},{"@type":"Organization","@id":"https:\/\/autocaravanascamperdadi.com\/en\/#organization","name":"Camperdadi","url":"https:\/\/autocaravanascamperdadi.com\/en\/","logo":{"@type":"ImageObject","inLanguage":"pt-BR","@id":"https:\/\/autocaravanascamperdadi.com\/en\/#\/schema\/logo\/image\/","url":"https:\/\/autocaravanascamperdadi.com\/wp-content\/uploads\/2017\/08\/cropped-logo.png","contentUrl":"https:\/\/autocaravanascamperdadi.com\/wp-content\/uploads\/2017\/08\/cropped-logo.png","width":512,"height":512,"caption":"Camperdadi"},"image":{"@id":"https:\/\/autocaravanascamperdadi.com\/en\/#\/schema\/logo\/image\/"},"sameAs":["https:\/\/es-es.facebook.com\/camperdadi\/","https:\/\/x.com\/camperdadi","https:\/\/www.instagram.com\/autocaravanascamperdadi\/?hl=es"]}]}},"_links":{"self":[{"href":"https:\/\/autocaravanascamperdadi.com\/pt-br\/wp-json\/wp\/v2\/pages\/28509","targetHints":{"allow":["GET"]}}],"collection":[{"href":"https:\/\/autocaravanascamperdadi.com\/pt-br\/wp-json\/wp\/v2\/pages"}],"about":[{"href":"https:\/\/autocaravanascamperdadi.com\/pt-br\/wp-json\/wp\/v2\/types\/page"}],"author":[{"embeddable":true,"href":"https:\/\/autocaravanascamperdadi.com\/pt-br\/wp-json\/wp\/v2\/users\/15"}],"replies":[{"embeddable":true,"href":"https:\/\/autocaravanascamperdadi.com\/pt-br\/wp-json\/wp\/v2\/comments?post=28509"}],"version-history":[{"count":2,"href":"https:\/\/autocaravanascamperdadi.com\/pt-br\/wp-json\/wp\/v2\/pages\/28509\/revisions"}],"predecessor-version":[{"id":28511,"href":"https:\/\/autocaravanascamperdadi.com\/pt-br\/wp-json\/wp\/v2\/pages\/28509\/revisions\/28511"}],"wp:attachment":[{"href":"https:\/\/autocaravanascamperdadi.com\/pt-br\/wp-json\/wp\/v2\/media?parent=28509"}],"curies":[{"name":"wp","href":"https:\/\/api.w.org\/{rel}","templated":true}]}}

<div class="banner has-hover has-parallax" id="banner-708157341">
          <div class="banner-inner fill">
        <div class="banner-bg fill" data-parallax="-3" data-parallax-container=".banner" data-parallax-background>
            <img loading="lazy" decoding="async" width="900" height="600" src="https://autocaravanascamperdadi.com/wp-content/uploads/2017/08/viajar.jpg" class="bg attachment-large size-large" alt="" />                        <div class="overlay"></div>            
                    </div>
		
        <div class="banner-layers container">
            <div class="fill banner-link"></div>            

   <div id="text-box-913908904" class="text-box banner-layer x50 md-x50 lg-x50 y80 md-y80 lg-y80 res-text">
                                <div class="text-box-content text dark">
              
              <div class="text-inner text-center">
                  
<h1 class="lead">Empresa</h1>
              </div>
           </div>
                            
<style>
#text-box-913908904 {
  width: 60%;
}
#text-box-913908904 .text-box-content {
  font-size: 100%;
}
</style>
    </div>
 

        </div>
      </div>

            
<style>
#banner-708157341 {
  padding-top: 320px;
}
#banner-708157341 .overlay {
  background-color: rgba(0, 0, 0, 0.49);
}
#banner-708157341 .banner-bg img {
  object-position: 0%100%;
}
</style>
  </div>


<div class="row"  id="row-733767890">


	<div id="col-909372921" class="col small-12 large-12"  >
				<div class="col-inner"  >
			
			

<div class="row"  id="row-1691766532">


	<div id="col-228633314" class="col medium-8 small-12 large-8"  >
				<div class="col-inner"  >
			
			

Na Autocaravanas Camperdadi contamos com uma vasta experiência na <strong>venda e aluguel de trailers, motorhomes e embarcações em Madri</strong>. Desde o início, apostamos em oferecer serviços de qualidade focados em atender às necessidades dos usuários.
<h2>Autocaravanas Camperdadi, uma grande equipe de profissionais</h2>
Nos diferenciamos das demais empresas do setor pela nossa <strong>profissionalidade</strong>, pelo <strong>atendimento</strong> <strong>próximo</strong> que oferecemos aos clientes que apostam em nós e pela <strong>alta qualidade</strong> de todos os veículos que vendemos e alugamos. A sua satisfação é nosso principal objetivo, e trabalhamos dia após dia para alcançá-la.

Ajudamos você a aproveitar a estrada, a viver experiências verdadeiramente únicas que você só sentirá viajando de motorhome, a navegar pelos mares com embarcações que permitirão que você desconecte com toda a segurança.

Todos os nossos veículos estão perfeitamente equipados e oferecem as maiores garantias e prestações. Autocaravanas Camperdadi, sua <strong>empresa de aluguel de trailers, motorhomes e embarcações em Madri</strong> de confiança.

		</div>
					</div>

	

	<div id="col-1105220084" class="col medium-4 small-12 large-4"  >
				<div class="col-inner"  >
			
			

	<div class="img has-hover x md-x lg-x y md-y lg-y" id="image_758149810">
								<div class="img-inner dark" >
			<img loading="lazy" decoding="async" width="400" height="400" src="https://autocaravanascamperdadi.com/wp-content/uploads/2017/08/logo.png" class="attachment-large size-large" alt="Autocaravanas Camperdadi" srcset="https://autocaravanascamperdadi.com/wp-content/uploads/2017/08/logo.png 400w, https://autocaravanascamperdadi.com/wp-content/uploads/2017/08/logo-300x300.png 300w, https://autocaravanascamperdadi.com/wp-content/uploads/2017/08/logo-100x100.png 100w, https://autocaravanascamperdadi.com/wp-content/uploads/2017/08/logo-280x280.png 280w, https://autocaravanascamperdadi.com/wp-content/uploads/2017/08/logo-180x180.png 180w" sizes="auto, (max-width: 400px) 100vw, 400px" />						
					</div>
								
<style>
#image_758149810 {
  width: 100%;
}
</style>
	</div>
	

<a href="/nuestras-rutas/" class="button primary is-large expand" style="border-radius:99px;">
		<span>Nossas rotas</span>
	</a>


		</div>
					</div>

	

</div>

		</div>
					</div>

	

</div>
